actor of w and 22.
2
Suppose 6*f = 3*f + 81. Calculate the highest common divisor of 3 and f.
3
Suppose j + 9 = 2*j. Let u(a) = -a**2 + 3*a + 3. Let g be u(3). What is the greatest common factor of j and g?
3
Let b(x) = x - 25. Let d be b(0). Let c = -18 - d. Let g = c + -5. Calculate the greatest common divisor of 10 and g.
2
Let b be 468/4 + -3 - 2. What is the greatest common divisor of b and 14?
14
Let l = 27 + -26. Calculate the greatest common divisor of 4 and l.
1
Suppose g = -5*f + 68 + 25, -5*g = -4*f + 57. What is the highest common factor of f and 72?
18
Suppose 234 = -3*q + 3*j, 5*j = -q - 20 - 52. Let w = 125 + q. Let z be ((-9)/(-2))/((-3)/(-8)). What is the highest common factor of w and z?
12
Suppose w = -5*w + 12. Calculate the highest common divisor of w and 20.
2
Suppose -2*r - 3 + 1 = 4*n, 5*n = -5*r + 5. Suppose r*z = -2*z + 400. Let j = 23 + -15. Calculate the greatest common divisor of z and j.
8
Let o(l) = -l**3 + 9*l**2 - 8*l + 4. Let p be o(8). Suppose 0 = -2*n + p*n. Let c be 129 + 1*(-1 - n). Calculate the greatest common divisor of c and 16.
16
Let s be 5/20 - 117/4. Let r = s - -59. What is the greatest common factor of r and 5?
5
Suppose 3*f = -0*f + 18. Suppose -76 = -4*g + 4*b, f*g - g - 94 = 4*b. Suppose x + k = 58, -3*k - 38 = -x + 4. Calculate the greatest common divisor of g and x.
18
Let k = -15 + 39. Calculate the greatest common factor of 60 and k.
12
Suppose -5*b + 685 = 5*a, -3*b + 409 = -0*a + a. Let c = 36 + -19. What is the greatest common factor of c and b?
17
Let b be 2 - 3*15/9. Let f be (-78)/(-8) - b/12. Calculate the highest common factor of 40 and f.
10
Let y(t) = -t**2 + t + 5. Let i be y(0). What is the greatest common divisor of i and 45?
5
Suppose -4*m = 3*p - 84, 38 + 9 = p - 5*m. What is the highest common factor of 288 and p?
32
Suppose -23*g + 168 = -19*g. What is the greatest common divisor of 28 and g?
14
Suppose -r = u - 17, 0 = 5*u - 2*u - 3*r - 39. Suppose -5*n - 3*h + 29 = -u, 2*n = -2*h + 20. What is the greatest common factor of n and 77?
7
Suppose 0 = -2*q + 4*q - 68. What is the greatest common factor of q and 51?
17
Let s = -103 - -147. Let b be 1/(-3) + 34/(-6). Let y be b/21 + (-30)/(-7). Calculate the highest common divisor of y and s.
4
Let a be (-24)/((-10)/(20/(-4))*-1). Calculate the greatest common factor of 60 and a.
12
Suppose 128 = 9*h - 5*h. Calculate the greatest common divisor of 8 and h.
8
Let q(d) = d + d**3 - 5*d**2 - 2*d**2 - 11*d + d**2. Let t be q(8). What is the greatest common factor of 16 and t?
16
Let y(w) = w**2 - 5*w. Let j be y(6). Suppose 202 = 3*v + 2*l, -j*l + l + 142 = 2*v. What is the greatest common factor of 44 and v?
22
Let n(v) = -2*v**2 + 7*v. Let i be n(7). Let j = 69 + i. Let g be 0 + 3 + 44 - -3. Calculate the highest common factor of g and j.
10
Let b(g) = -42*g**2 + 3*g - 1. Let f be b(2). Let x = f + 272. Suppose x - 534 = -5*h. What is the greatest common divisor of 17 and h?
17
Let p be (-6)/(-5 + 3) + -12. Let q = 37 + -10. Let t = q + p. Calculate the greatest common factor of 27 and t.
9
Let x(c) = -c**2 - 5*c + 3. Let s be x(-5). Let m be (-3)/(-15) + 476/20. Let y = 9 + m. Calculate the highest common factor of s and y.
3
Let h = 0 + 9. Let x be (-5)/10 + (-3)/(-6) + 54. What is the greatest common factor of x and h?
9
Let y(t) = 91*t - 3. Let f be y(4). Let m = f - 235. Let c(a) = -4*a - 2. Let h be c(-4). Calculate the highest common divisor of m and h.
14
Suppose k + 3*k = y - 204, -3*k + 2*y - 158 = 0. Let i be 30/k - 36/(-10). What is the highest common divisor of i and 3?
3
Let p(v) = v**3 + 11*v**2 + 8*v - 10. Let n be p(-10). What is the greatest common factor of 6 and n?
2
Let n(d) = 1 - 5*d**2 - 4*d - d + 4*d**2 + 3. Let g be n(-5). Suppose 31 + 161 = g*s. Calculate the greatest common divisor of s and 16.
16
Let t(x) = x**3 + 5*x**2 - 3*x - 4. Let n be t(-4). Suppose -3*u + 54 = -5*w + 3*w, 74 = 5*u + 2*w. What is the highest common divisor of u and n?
8
Let b = -1 - -17. Calculate the highest common divisor of 176 and b.
16
Let f be 28/7*(-75)/(-4). What is the highest common factor of f and 25?
25
Suppose -4*l + 20 = 4*u, -u + 6*u = 2*l - 38. What is the highest common divisor of l and 27?
9
Suppose 2 = 4*l - 50. Calculate the highest common factor of l and 39.
13
Let x be (18/6)/(6/20). Calculate the highest common divisor of 50 and x.
10
Let a = -5 - -10. Suppose -3*h = 3*b - 267, b + b = a*h + 143. What is the greatest common factor of 12 and b?
12
Let v(i) = i**3 + 3*i**2 - 4*i + 2. Let k be v(-4). Suppose -k*h = -h. Suppose y + 5 = -h*t + t, t = -4*y + 30. Calculate the highest common factor of t and 10.
10
Let p = -9 - -14. Let b be (p/2)/(2/4). Suppose -b*u + 21 = -2*u. Calculate the greatest common factor of 7 and u.
7
Let s = 11 - 9. Calculate the highest common divisor of 4 and s.
2
Let a = -2 + 9. Calculate the greatest common factor of a and 35.
7
Suppose m = -4*m - 20. Let a be (6/(-3) - m) + 0. Calculate the greatest common divisor of a and 4.
2
Let h be 2/6*33 - 3. Calculate the highest common factor of 12 and h.
4
Suppose -z - 2*f - 3 = -23, 0 = 4*f + 16. What is the highest common factor of z and 308?
28
Suppose 536 - 200 = 4*t. Suppose -q = -0*q. Suppose -2*p - p + 36 = q. Calculate the greatest common factor of t and p.
12
Suppose -l - 2*h + 6 = -0*h, -20 = -3*l - 5*h. Let q(s) = -46*s - 1. Let f be q(-1). Suppose 4*m - f = m. What is the greatest common factor of l and m?
5
Let c be (-2)/1 + (-20 - -53). Let k = c + -10. Suppose 4*d = 974 - 386. Calculate the greatest common factor of k and d.
21
Suppose 2*t + t = -4*f - 12, 12 = -3*t - 3*f. Let b = 41 - t. Let d = 42 + -24. What is the greatest common factor of d and b?
9
Let b(v) = 7*v - 14. Let s(c) = -c + 1. Let m(q) = b(q) + 21*s(q). Let y be m(-5). What is the highest common factor of 11 and y?
11
Let m = -57 - -152. Calculate the highest common divisor of m and 38.
19
Let x be (58 + (2 - 1))/1. Suppose 49 = 3*u - x. Suppose u = 2*o + 2*o. Calculate the highest common factor of o and 81.
9
Let t(w) = w**2 - 4. Let p be t(3). Suppose p*x - 244 = -2*u, -x + 4*u - u = -59. Calculate the highest common factor of x and 20.
10
Let r = 6 + 30. Let y(q) = q**3 - 7*q**2 + 7*q + 3. Let l be y(6). What is the highest common divisor of r and l?
9
Let n(g) = -3*g**3 - 2*g**2 + 4*g + 3. Let c be n(-3). What is the highest common divisor of 27 and c?
27
Let g be ((-84)/140)/(2/60*-2). Calculate the greatest common divisor of 18 and g.
9
Let n(d) = 13*d**2 + 2*d - 1. Suppose 3*z - 5*f + 3 = -2*f, 2*z + 5*f - 19 = 0. Let k = z + -1. Let o be n(k). Calculate the greatest common factor of 28 and o.
14
Suppose -2*z - 16 = -j, -j - 2*j + z + 33 = 0. Let r = j + -7. Suppose r*b = -2*b + 315. Calculate the greatest common divisor of b and 7.
7
Let s = -13 - -15. Calculate the highest common divisor of 22 and s.
2
Let x(d) = 2*d**2 + 9*d + 10. Let k be x(-5). What is the greatest common divisor of k and 10?
5
Suppose -7*i = -2*i - 15. Suppose 4*n - m = 5*n - i, -2*n + 5*m + 27 = 0. What is the highest common divisor of 54 and n?
6
Let z be 1/(-4) + (-34)/(-8). Let f = -96 - -98. Calculate the greatest common factor of f and z.
2
Let v = -7 - -67. Calculate the highest common divisor of 300 and v.
60
Let m(p) = -p**2 + 4*p + 2. Let d be m(4). Suppose d*g - 6 + 2 = 0. Let v be g/(-4)*2*-1. What is the greatest common divisor of v and 5?
1
Let z(x) = x + 15. Let l be z(-9). What is the greatest common divisor of 24 and l?
6
Let g(a) = -a - 4. Let c(p) = -p**2 + 2*p - 3. Let i be c(3). Let b be g(i). Let u be 8 - b - (-1 + -1). Calculate the highest common factor of 1 and u.
1
Suppose -50 = -p - 4*p. Suppose -2*j - 2*n - 8 = 2, -j + n = -1. Let l be (-1194)/(-15) + j/(-5). Calculate the highest common divisor of p and l.
10
Suppose 0 = -2*g - 2*i + i + 27, -54 = -3*g + 3*i. Suppose 2*w + 2*y = 20, 5*w - 47 = -y + 3. What is the greatest common factor of g and w?
5
Suppose 0 = 3*s + 8 - 35. What is the highest common divisor of s and 81?
9
Suppose -72 = 5*n - 1272. Calculate the highest common divisor of n and 30.
30
Suppose u - 75 = 30. Calculate the highest common factor of u and 15.
15
Suppose -2*h + 146 = w, 2 + 2 = -2*w. What is the greatest common diviso